ert 411 (base 13) to base 4.
22302
Convert 443 (base 13) to base 14.
3a3
-5146 (base 7) to base 12
-105a
-47a3 (base 11) to base 5
-200114
-5574 (base 13) to base 11
-8a61
Convert 1021 (base 8) to base 2.
1000010001
Convert 42 (base 16) to base 9.
73
What is -241141 (base 5) in base 12?
-51b5
-22c1 (base 14) to base 7
-23431
33123 (base 4) to base 5
12422
Convert b1a (base 15) to base 13.
11a4
1123133 (base 4) to base 8
13337
10 (base 9) to base 13
9
3112 (base 6) to base 9
848
What is 793 (base 10) in base 8?
1431
1673 (base 10) to base 14
877
What is -1224 (base 13) in base 8?
-5005
85 (base 9) to base 14
57
What is -1b3c (base 14) in base 10?
-4954
166200 (base 7) to base 12
17389
1001001100011110 (base 2) to base 14
da22
What is -1255 (base 7) in base 13?
-2b0
24130 (base 5) to base 11
1388
What is 30a (base 14) in base 13?
370
-101320 (base 5) to base 8
-6407
What is -2a3 (base 16) in base 3?
-221000
Convert -1233 (base 7) to base 11.
-393
1000100111010111 (base 2) to base 16
89d7
-101201 (base 3) to base 7
-562
Convert 137e (base 16) to base 6.
35034
Convert -23424 (base 6) to base 15.
-101a
-11222 (base 3) to base 7
-251
Convert 1060 (base 7) to base 16.
181
What is -201221210 (base 3) in base 14?
-5431
158 (base 14) to base 13
181
Convert 2113 (base 4) to base 15.
a1
Convert -2633 (base 11) to base 10.
-3424
What is -14362 (base 8) in base 11?
-4886
Convert 98 (base 11) to base 10.
107
What is -201010 (base 3) in base 14?
-28c
What is -346a (base 14) in base 5?
-242420
What is -1202 (base 7) in base 8?
-673
What is 314 (base 15) in base 9?
851
Convert -1087 (base 16) to base 13.
-1c06
What is 110011011110100 (base 2) in base 9?
40134
-21c3 (base 16) to base 12
-5003
What is -63ab (base 16) in base 15?
-7860
Convert 132136 (base 7) to base 2.
110000011000100
What is 567 (base 11) in base 9?
833
824a (base 15) to base 2
110101110000000
-1111101 (base 2) to base 11
-104
285 (base 13) to base 3
121120
What is 32111 (base 4) in base 6?
4125
Convert -203211 (base 4) to base 8.
-4345
Convert 1101000111110111 (base 2) to base 7.
312465
-ba6 (base 12) to base 15
-790
What is 3031 (base 4) in base 3?
21121
Convert -8083 (base 11) to base 7.
-43211
What is -35161 (base 10) in base 8?
-104531
Convert -1044 (base 7) to base 5.
-3000
Convert -149 (base 12) to base 11.
-173
-100210 (base 3) to base 2
-100001000
What is -191 (base 13) in base 11?
-241
1001001110101 (base 2) to base 8
11165
Convert 9d54 (base 16) to base 2.
1001110101010100
What is 146510 (base 7) in base 2?
111000000110001
Convert -141624 (base 7) to base 16.
-69ba
Convert 578 (base 12) to base 15.
392
-1222 (base 6) to base 16
-12e
What is -6b6 (base 13) in base 2?
-10010001011
What is -332000 (base 6) in base 16?
-6c00
Convert aee (base 15) to base 14.
c8a
What is -2404 (base 5) in base 8?
-542
What is 66220 (base 10) in base 9?
110747
What is 23041 (base 7) in base 9?
8031
134004 (base 6) to base 2
11000011110100
3589 (base 12) to base 5
143014
Convert -5907 (base 10) to base 13.
-28c5
1543 (base 6) to base 5
3143
5201 (base 6) to base 5
14103
Convert -323346 (base 7) to base 9.
-85363
What is -11020020 (base 3) in base 13?
-1533
What is 101000110 (base 2) in base 9?
402
Convert -11161 (base 11) to base 5.
-1004120
Convert -221323 (base 4) to base 11.
-201a
Convert 121311 (base 5) to base 6.
33113
What is 5113 (base 14) in base 15?
41dd
Convert -1001 (base 3) to base 13.
-22
What is -102131 (base 5) in base 2?
-110101011000
-a37 (base 11) to base 10
-1250
57e5 (base 15) to base 5
1044130
What is 100101100010 (base 2) in base 3?
10021222
Convert -c32e (base 16) to base 13.
-19987
Convert -58283 (base 9) to base 5.
-2220444
What is 327 (base 15) in base 13?
42a
-818 (base 9) to base 8
-1231
-210001121 (base 3) to base 6
-155024
What is 324432 (base 6) in base 15?
7eb8
Convert -656 (base 7) to base 14.
-19d
What is 10282 (base 14) in base 2?
1001100000001010
What is -108 (base 14) in base 7?
-411
What is -78e (base 15) in base 8?
-3255
Convert 3325 (base 15) to base 7.
43406
Convert 356d (base 15) to base 7.
45046
Convert -14617 (base 9) to base 11.
-7552
What is -45678 (base 9) in base 16?
-76ee
Convert 1ad6 (base 16) to base 12.
3b86
Convert 74343 (base 8) to base 2.
111100011100011
Convert -32735 (base 10) to base 5.
-2021420
Convert 1924 (base 10) to base 2.
11110000100
c8c3 (base 13) to base 9
42212
-1232102 (base 4) to base 9
-10612
25405 (base 7) to base 15
1ecd
Convert 1437 (base 8) to base 10.
799
340a (base 11) to base 6
32435
What is 2265 (base 8) in base 3?
1122122
-1016 (base 8) to base 10
-526
What is 1045554 (base 6) in base 16?
cf8e
26 (base 9) to base 16
18
Convert -a83 (base 14) to base 3.
-2211212
What is 3bb0 (base 12) in base 6?
51540
What is -14321 (base 5) in base 16?
-4bb
What is -554 (base 13) in base 4?
-32102
Convert -2351 (base 8) to base 5.
-20012
Convert -213102 (base 8) to base 15.
-1618e
What is 12403 (base 6) in base 2?
11101010011
Convert b39 (base 12) to base 14.
845
What is -19 (base 13) in base 8?
-26
What is 76871 (base 9) in base 10?
51013
557 (base 9) to base 15
207
Convert -130 (base 8) to base 13.
-6a
Convert 21022 (base 5) to base 10.
1387
-24606 (base 9) to base 8
-40222
Convert 1ef (base 16) to base 14.
275
Convert 50a (base 11) to base 14.
31d
Convert 1002122001 (base 3) to base 6.
244001
Convert 575 (base 9) to base 16.
1d9
What is -352 (base 12) in base 4?
-13232
Convert -4118 (base 11) to base 4.
-1111120
cea8 (base 16) to base 10
52904
-1101101001 (base 2) to base 15
-3d3
What is 810 (base 10) in base 6?
3430
2012002020 (base 3) to base 15
cb66
1434 (base 9) to base 10
1084
What is 42 (base 10) in base 5?
132
What is df (base 16) in base 15?
ed
35cc (base 15) to base 9
16623
304 (base 12) to base 14
232
What is -467 (base 11) in base 4?
-20231
What is 11220 (base 8) in base 6?
34000
What is 29b0 (base 16) in base 13?
4b1c
What is 47047 (base 8) in base 3?
1000110000
Convert 4101 (base 10) to base 12.
2459
-224024 (base 5) to base 12
-477a
-1010321 (base 4) to base 9
-6038
Convert -5b8f (base 16) to base 4.
-11232033
Convert 152 (base 10) to base 16.
98
Convert 51ab (base 13) to base 9.
16440
-10010010011 (base 2) to base 10
-1171
-101010101 (base 2) to base 5
-2331
-22221 (base 4) to base 3
-221020
Convert 1010 (base 5) to base 8.
202
Convert -140002 (base 5) to base 9.
-7642
-7358 (base 9) to base 10
-5399
What is -1287 (base 16) in base 10?
-4743
4 (base 15) to base 3
11
-1453 (base 8) to base 3
-1010001
Convert 1bac (base 15) to base 6.
43500
What is -253035 (base 6) in base 11?
-1606a
552 (base 11) to base 16
296
What is b3e5 (base 16) in base 13?
17c67
31212 (base 7) to base 16
1de5
-61603 (base 8) to base 10
-25475
What is 96d (base 14) in base 13?
b02
Convert -566 (base 15) to base 6.
-5353
Convert cc09 (base 14) to base 4.
20213121
What is 2330131 (base 5) in base 13?
16495
Convert 80 (base 15) to base 8.
170
0 (base 11) to base 6
0
100001001011111 (base 2) to base 9
25268
What is 2541 (base 7) in base 5?
12320
Convert -100010110 (base 2) to base 16.
-116
13432 (base 8) to base 2
1011100011010
What is -829 (base 13) in base 16?
-56b
100100101001 (base 2) to base 5
33340
What is -1f58 (base 16) in base 9?
-12005
Convert -31 (base 6) to base 3.
-201
Convert 3320233 (base 4) to base 9.
23747
What is 68 (base 11) in base 15?
4e
481e (base 16) to base 3
221022210
What is -22030112 (base 4) in base 11?
-29405
Convert -60b9 (base 12) to base 3.
-112102020
Convert 1103411 (base 5) to base 12.
b167
What is -5094 (base 10) in base 2?
-1001111100110
Convert 7617 (base 9) to base 14.
2085
What is -2660 (base 8) in base 9?
-1887
Convert 1b69 (base 15) to base 8.
13475
Convert -123322 (base 4) to base 3.
-2110011
What is f3b (base 16) in base 9?
5312
What is -271 (base 8) in base 13?
-113
What is 766 (base 12) in base 6?
5010
Convert -43304 (base 5) to base 10.
-2954
-1610 (base 7) to base 15
-2ce
20020022 (base 3) to base 9
6208
Convert -cdb (base 14) to base 15.
-b4a
-97da (base 14) to base 3
-1100000121
Convert 331022 (base 4) to base 14.
15d8
What is -691 (base 14) in base 11?
-a85
Convert -154434 (base 7) to base 2.
-111011011000101
Convert 3508 (base 9) to base 16.
a28
What is -1102100 (base 3) in base 16?
-40b
22112 (base 3) to b